03
In base 8, what is 2 - -124261?
124263
In base 16, what is -820 - fd?
-91d
In base 5, what is 20 - -2333114?
2333134
In base 12, what is -42 - -779?
737
In base 6, what is -33232 + -3?
-33235
In base 4, what is 2111333 - 2?
2111331
In base 5, what is -2 + 400021?
400014
In base 3, what is -21211 + -2001101?
-2100012
In base 13, what is -10 + 3c50?
3c40
In base 4, what is -112023 - -332?
-111031
In base 13, what is -1b - 57b0c?
-57b2a
In base 10, what is -330 + 177?
-153
In base 3, what is 1200112 - -2?
1200121
In base 8, what is 1031 - 41?
770
In base 8, what is 30374 - 131?
30243
In base 12, what is a + -4b68?
-4b5a
In base 13, what is -3 + -c6702?
-c6705
In base 14, what is -146783 - -1?
-146782
In base 3, what is -101200121 - -1110?
-101122011
In base 4, what is -203212 - 131121?
-1000333
In base 7, what is -25410 - 144?
-25554
In base 8, what is -4227425 + -1?
-4227426
In base 12, what is -133 + 1231?
10ba
In base 11, what is -19 + 238?
21a
In base 9, what is -51040 + -3?
-51043
In base 9, what is 7866858 + -4?
7866854
In base 9, what is 7362 - 64?
7287
In base 13, what is 1623 - -14?
1637
In base 6, what is -11 + 201212?
201201
In base 15, what is 25c + -dbd?
-b61
In base 2, what is -101100001 + -11010100?
-1000110101
In base 2, what is 1101100110100010100 + -1?
1101100110100010011
In base 15, what is -1 - -58dc4?
58dc3
In base 9, what is 2004 - 674?
1220
In base 7, what is 12553305 + 1?
12553306
In base 12, what is -325 + 22a?
-b7
In base 4, what is -2 + -2012321?
-2012323
In base 14, what is -b2411 + 4?
-b240b
In base 5, what is 1141 - 1033?
103
In base 2, what is -1011 - 101010111101?
-101011001000
In base 9, what is 1425 + -65?
1350
In base 9, what is -1 + -12341?
-12342
In base 3, what is -102 - -211121202?
211121100
In base 13, what is -24 + -3c?
-63
In base 2, what is 10011001000 - 10011000?
10000110000
In base 14, what is 7d - -44a?
4c9
In base 6, what is 2 - -414520?
414522
In base 14, what is 6 + 183cc?
183d4
In base 4, what is 1212113 + 1?
1212120
In base 15, what is -4 + 41b7?
41b3
In base 2, what is -111100100010000110101 - 101?
-111100100010000111010
In base 15, what is 358 - 92?
2b6
In base 8, what is 0 - -2527737?
2527737
In base 16, what is 10 - 223a?
-222a
In base 13, what is 145 - -139?
281
In base 11, what is -10 + -229?
-239
In base 16, what is -4e - -b4?
66
In base 2, what is 10111111101010111011 + -101?
10111111101010110110
In base 4, what is 3303100 + 11?
3303111
In base 11, what is 451 + -53?
3a9
In base 7, what is -13263 - 1160?
-14453
In base 15, what is 14394e + -5?
143949
In base 14, what is 0 + -65a5?
-65a5
In base 8, what is 2034052 - -3?
2034055
In base 15, what is 5 - 753e?
-7539
In base 9, what is 61584 - 5?
61578
In base 3, what is 11121000220222 - -10?
11121000221002
In base 9, what is -2 - 162583?
-162585
In base 5, what is 13020014 - -4?
13020023
In base 7, what is -455623 - -42?
-455551
In base 5, what is 12333434 + -21?
12333413
In base 7, what is -642 + 525?
-114
In base 4, what is 3 + 1013233330?
1013233333
In base 16, what is -24 - 33?
-57
In base 3, what is -1102 - 102002220?
-102011022
In base 15, what is -4 - -513a?
5136
In base 12, what is 98188 + -5?
98183
In base 8, what is -417644 - 1?
-417645
In base 5, what is 113100 - -31?
113131
In base 3, what is 101122 + 202210201?
210012100
In base 14, what is 5d7b - -3?
5d80
In base 5, what is 1 - 142043?
-142042
In base 2, what is 0 + 100000110000011?
100000110000011
In base 7, what is 4 + -3035125?
-3035121
In base 10, what is 43586 + 0?
43586
In base 6, what is 3423 + -311?
3112
In base 6, what is -50 - -321352?
321302
In base 10, what is 21294 + 5?
21299
In base 8, what is -4 - 1426?
-1432
In base 13, what is 36 - 17a5?
-176c
In base 8, what is 1025 + -47?
756
In base 11, what is -9 - 73266?
-73274
In base 8, what is 1175 - 34?
1141
In base 16, what is -8 - 1b96?
-1b9e
In base 4, what is -102101 + -2?
-102103
In base 12, what is -16a + -82?
-230
In base 8, what is 42 - 2413?
-2351
In base 2, what is 1101010010110110 - 10?
1101010010110100
In base 8, what is 222 + 703?
1125
In base 8, what is -32751 + 37?
-32712
In base 8, what is -3 - 612443?
-612446
In base 8, what is 42761 - 323?
42436
In base 10, what is -1332727 + -2?
-1332729
In base 15, what is -6887e9 + -5?
-6887ee
In base 9, what is -30 - 10121?
-10151
In base 9, what is -3 + -21350?
-21353
In base 15, what is 31b9 + 2?
31bb
In base 4, what is -10222 + -13030?
-23312
In base 11, what is 91245 - 0?
91245
In base 10, what is -50448 - 2?
-50450
In base 9, what is -80416 - 18?
-80435
In base 11, what is -297a + -243?
-3112
In base 4, what is -1310230 - 103?
-1310333
In base 15, what is 4 - 5c4ca?
-5c4c6
In base 3, what is -22 + 10021002?
10020210
In base 4, what is 102320 + -12121?
30133
In base 4, what is -3003 + -30013?
-33022
In base 4, what is 3301122 - 2130?
3232332
In base 2, what is -1101011001111110 - -1000?
-1101011001110110
In base 5, what is -41 + 33141?
33100
In base 2, what is 10010 - 110000000111101?
-110000000101011
In base 6, what is 3 + 10024132?
10024135
In base 2, what is 111111110 + -1100101010?
-100101100
In base 15, what is -c - 500?
-50c
In base 15, what is -6 - -2184?
217d
In base 16, what is -5ea - -2fb?
-2ef
In base 15, what is 3 + 13a28?
13a2b
In base 9, what is -1064777 - 2?
-1064780
In base 5, what is -320 + 20144?
14324
In base 16, what is -811 - -a?
-807
In base 4, what is -332 - -33121?
32123
In base 15, what is 4 + -396?
-392
In base 7, what is -22254620 - 2?
-22254622
In base 13, what is -309a37 - 5?
-309a3c
In base 7, what is -1 + -6651301?
-6651302
In base 9, what is -14 + -14775?
-14800
In base 5, what is -2310413 + 2?
-2310411
In base 6, what is -21 + 503?
442
In base 16, what is -3 + 19181?
1917e
In base 14, what is 131 - -320?
451
In base 16, what is -2 + 49a3c?
49a3a
In base 16, what is -5 + -5b1f6?
-5b1fb
In base 9, what is 2 + 1465837?
1465840
In base 9, what is 106840 - -27?
106867
In base 13, what is 4 + 11abb?
11ac2
In base 13, what is 8 - -68c83?
68c8b
In base 11, what is 1 - -6a18?
6a19
In base 10, what is 97373 + 6?
97379
In base 2, what is 101000010111011110 + -10011?
101000010111001011
In base 9, what is -147154 + 1?
-147153
In base 9, what is 4 + 7050?
7054
In base 12, what is -4 + -34271?
-34275
In base 14, what is 2 - -1a9bc?
1a9c0
In base 2, what is 100100011011 - -11?
100100011110
In base 3, what is 200102100 + 12?
200102112
In base 5, what is 100043 + 3?
100101
In base 2, what is 1010 + -101011101100000?
-101011101010110
In base 14, what is 4 - 13cdb?
-13cd7
In base 2, what is 11110001 + -10111100010?
-10011110001
In base 3, what is -2 - -1101000?
1100221
In base 5, what is -101241222 - 3?
-101241230
In base 5, what is -2414 + 20?
-2344
In base 12, what is 93a - 45?
8b5
In base 6, what is -11450 + 4?
-11442
In base 4, what is -2233023323 + -11?
-2233030000
In base 2, what is -1100101001110010 - 10101?
-1100101010000111
In base 16, what is -c0ce8 + 3?
-c0ce5
In base 3, what is -1200 + -11201120?
-11210020
In base 16, what is -d9 - -92?
-47
In base 10, what is -15 + 193934?
193919
In base 11, what is 6 + 6496?
64a1
In base 11, what is -25 + 539?
514
In base 10, what is -150144 + 1?
-150143
In base 10, what is 6161 + -29?
6132
In base 7, what is -233 - 45036?
-45302
In base 12, what is 43 + 1332?
1375
In base 2, what is -100101100000011 + 10?
-100101100000001
In base 4, what is 3132321211 + 3?
3132321220
In base 3, what is 101200210220 - 21?
101200210122
In base 3, what is 100201202 - 100?
100201102
In base 9, what is -682244 + 2?
-682242
In base 11, what is -39aa12 - 2?
-39aa14
In base 13, what is -4274 - 22b?
-44a2
In base 14, what is c42 - -47a?
12bc
In base 15, what is 82 + -3b4?
-332
In base 9, what is -7 + 26506?
26488
In base 10, what is -17 - -2252?
2235
In base 12, what is 3 - 26065?
-26062
In base 13, what is 4c941 - 5?
4c939
In base 7, what is 40640 - 30?
40610
In base 10, what is -36 + 792?
756
In base 6, what is -101521 - -530?
-100551
In base 6, what is 124104 - -2?
124110
In base 7, what is -42 + -4562?
-4634
In base 9, what is -638771 - 5?
-638776
In base 12, what is -16 + 411?
3b7
In base 7, what is 4562302 + -3?
4562266
In base 3, what is 100001010 + -212?
100000021
In base 12, what is -1680 - 298?
-1958
In base